j, -5*w + 34 = 2*x. Suppose 82 = k + x. Calculate the highest common divisor of k and 15.
15
Let i be 12/(-14)*((-100)/15 - -2). Calculate the highest common factor of 10 and i.
2
Let o(n) = -6*n - 16. Let a be o(-10). What is the greatest common factor of 66 and a?
22
Suppose -x - 70 = -6*x. Calculate the highest common divisor of 2 and x.
2
Suppose -5*w = 10, -w - 46 = -3*r - 5*w. Suppose 0 = -2*t + 10 + 26. Calculate the greatest common factor of t and r.
18
Suppose -4*b - 2*n - 26 + 90 = 0, 36 = 2*b + 2*n. Calculate the greatest common factor of 56 and b.
14
Suppose d - 20 = 10. Suppose -2*n + 5*k = -d, -4*k = 2*n + n + 1. Suppose 3*x - 10 = -2*x. Calculate the greatest common factor of x and n.
1
Let w = 9 + 1. Calculate the highest common factor of 5 and w.
5
Let o(q) = -q + 35. Let t be o(23). Calculate the highest common factor of 24 and t.
12
Suppose 2*z = -0 + 28. Let s(b) be the first derivative of -b**4/4 + 8*b**3/3 - 5*b**2/2 - 1. Let a be s(6). Calculate the highest common divisor of a and z.
14
Let j = 34 + 18. Suppose -18 - j = -2*x. Calculate the highest common factor of x and 5.
5
Let p be ((-42)/(-9) - 4)*75. Suppose -3*z + 6*z = 6. Suppose 0 = z*h + 2*w - 12, -3*w + 41 - 13 = 4*h. What is the highest common divisor of p and h?
10
Let i be 9/(-1)*3/(-9). Suppose -2*d = 2*m - 2, -m - 1 = -3*d - 5*m. Let s be d - 12/3 - -7. Calculate the greatest common factor of s and i.
3
Let g = -166 + 116. Let a be (-4)/(-10) + (-230)/g. What is the greatest common divisor of 40 and a?
5
Suppose -x - 4*x + 45 = -y, x = 4*y + 28. Suppose -w + a = 2*w + 4, 4*w - x = -2*a. Suppose w = -m + 5*m - 48. Calculate the highest common divisor of m and 84.
12
Let n(w) = 2 - 4 - 2*w + 4. Suppose -4*b = -4*u + 12, 2*b + 5*u + 6 = 2*u. Let t be n(b). Calculate the greatest common divisor of 24 and t.
8
Let p(d) = -d**3 + 2. Let w be p(0). Suppose -w*z + 113 = -19. Suppose -3*t + 24 = t. What is the greatest common factor of z and t?
6
Suppose -2*w + 15 = 3*w. Suppose 53 - 413 = -w*n. Suppose -4*x + n = -x. What is the greatest common divisor of 10 and x?
10
Let d be ((-30)/(-50))/(1/30). Calculate the greatest common factor of d and 162.
18
Let s(y) = -2*y - 3. Let h(i) = i. Let o be h(-4). Let j be s(o). Let t be j - (-2)/4*-2. Calculate the highest common factor of t and 36.
4
Let c be (-54)/(-36)*8/6. Suppose -6*b + 23 = -2*b - 3*j, -4*b + 3 = j. Calculate the greatest common factor of b and c.
2
Let o = -3 + 10. What is the highest common factor of o and 28?
7
Let a(b) = b**3 + 9*b**2 - 8*b - 2. Let n be a(-6). What is the highest common divisor of 14 and n?
14
Let v be 15 - (-2)/4*-2. Let y = -97 - 50. Let g = y - -231. What is the greatest common factor of g and v?
14
Let o(g) = -g**2 + g + 4. Let j be o(0). Let w be ((-16)/(-6))/((-16)/(-24)). Suppose q = -w*q + 20. Calculate the greatest common factor of j and q.
4
Let m(z) = z**2 - 2*z - 5. Let y be m(-4). Suppose 1 - 19 = 2*h. Let v = h + y. What is the greatest common factor of 4 and v?
2
Let q = -16 - -31. Suppose 2*k - 4*k + 5*y = -q, 0 = -4*k - y + 19. What is the highest common divisor of k and 55?
5
Suppose -3*l - 4 = k, -2*k = 5*l + 3*k. Let o(j) = -j + 1. Let u be o(l). Let q be 2/u*(19 + -1). Calculate the highest common divisor of 18 and q.
6
Let w = 33 + -29. Calculate the greatest common factor of 40 and w.
4
Suppose -4*p - l + 10 = 0, 28 = 5*p + 5*l + 8. Let m(t) = 4*t - 3. Let x be m(p). What is the greatest common divisor of 55 and x?
5
Let d = -78 + 182. Let o(v) = 4*v - 11. Let n be o(6). Calculate the highest common factor of n and d.
13
Suppose -4*l - 5*t = -40, -l + 3*t = 2*l - 3. Suppose 0*i = 2*m - i - 111, l*i = -5*m + 255. Calculate the highest common divisor of m and 36.
18
Suppose 13 + 39 = 13*u. Calculate the highest common divisor of u and 36.
4
Let q be ((-10)/(-4))/(5*(-4)/(-40)). Calculate the highest common factor of q and 2.
1
Let s(w) = 5*w**2 - 2*w + 5. Let o be s(4). Calculate the highest common divisor of 7 and o.
7
Let a be ((-1)/(-2))/((-4)/(-336)). Calculate the greatest common divisor of 126 and a.
42
Suppose -4*i + q = -6 + 1, 3*i + 2*q - 12 = 0. Suppose 4 = -i*u + 10. Suppose -239 - 58 = -u*h. What is the greatest common factor of 11 and h?
11
Let m(h) = 4*h - 6. Suppose -4*v = v - 20. Let t be m(v). Let d be 4/22 + (-216)/(-22). Calculate the greatest common divisor of d and t.
10
Suppose -19*y = -15*y - 200. Calculate the greatest common factor of 25 and y.
25
Let t be (-112)/(-20) - 9/15. Suppose -2*a + 3 = -p + 11, 0 = -t*a - 10. Calculate the greatest common factor of p and 28.
4
Let d = -2 + 70. Calculate the greatest common divisor of 17 and d.
17
Let d be (-29 + 14)*10/(-6). Calculate the greatest common factor of 125 and d.
25
Let s be 39/2*(-84)/(-9). Calculate the greatest common factor of s and 26.
26
Let b(t) = 8*t + 3. Let r be b(4). Let c(q) = -2*q**2 - 4*q + q**2 + 5 - q + 2*q**2. Let s be c(5). What is the greatest common divisor of r and s?
5
Suppose 4*m + 4*x = m - 7, -5*x - 8 = 4*m. Suppose 1 = -2*z + g - m, 5*z = 5*g. Let s be (3/z)/(1/(-4)). What is the highest common factor of 30 and s?
3
Suppose 0 = 6*o + 8 - 92. Calculate the highest common divisor of 14 and o.
14
Suppose 4*k = i + 112, 2*k + 2*i + 0*i - 46 = 0. Suppose -2*o - 5*f = -11, 0 = -0*o - 5*o + 4*f + 11. What is the highest common divisor of o and k?
3
Suppose 0 = 3*v - 17 - 22. Suppose -v*b = -10*b - 336. Calculate the greatest common factor of b and 16.
16
Suppose -20 = -5*f - 0. Let j be ((-6)/f)/((-1)/4). Suppose -3*a + j = o, -o + 3*a = -0*o - 6. What is the greatest common factor of o and 15?
3
Let z be 0/(2 - (1 - 1)). Let i(s) = -s**2 + 16. Let u be i(z). Suppose 0 = -3*v - 0 + 12. Calculate the highest common divisor of v and u.
4
Let j(p) = p**3 - 5*p**2 - 5*p - 6. Let z be j(6). Let f be -4 + (21 - (z - 3)). What is the highest common factor of 140 and f?
20
Let w = -9 - -9. Suppose -4*s + w*s = -44. Suppose -3*t - 5*j = 17, -j - 4 = 3*t - 3. Calculate the greatest common factor of t and s.
1
Suppose 312 = -0*h + 3*h. Let j = -68 + h. What is the highest common divisor of 9 and j?
9
Let f be 3*(-110)/(-6) - 1. What is the highest common factor of 135 and f?
27
Suppose -5*q - 27 = d, -5*q = -0*q + 4*d + 33. Let x be -5 - q - 99/(-1). Let b = 24 - 13. What is the greatest common divisor of x and b?
11
Let k = 2 + 2. Let g = -124 + 240. Let a be (-2)/(-3) + g/6. Calculate the greatest common divisor of a and k.
4
Let p(o) = o**3 - 4*o**2 - 4*o. Let i be p(5). Suppose -l + 9 - 1 = 3*v, 2*v - 40 = -i*l. Calculate the greatest common divisor of 72 and l.
8
Suppose -4*p = 3*c - p - 513, 5*p = 5*c - 825. Suppose m = -m + c. Calculate the greatest common divisor of 12 and m.
12
Let i(b) = 2*b**2 - 2. Let u be i(3). Let k be 1/3*(8 - -40). What is the greatest common factor of u and k?
16
Let s = 3 - 2. Let h be -2 + s*6 - 1. Let i = -80 - -113. What is the greatest common factor of i and h?
3
Let k(s) = -s**2 - 12*s + 14. Let p be k(-12). What is the greatest common factor of p and 49?
7
Let v(b) = b**2 + 14*b - 19. Let t be v(-16). What is the highest common factor of 13 and t?
13
Let l be (-10*1 + 1)*(3 - 4). What is the highest common divisor of l and 18?
9
Suppose 0 = 4*b - 3*x - 53, -3*b = 2*b + 4*x - 43. Calculate the greatest common factor of b and 55.
11
Suppose 485 - 147 = 2*i. Let x = 40 + i. Calculate the greatest common divisor of 19 and x.
19
Suppose 0 = 3*i - 3*w - 21, 5 = -i - w - 4*w. Suppose -3*b = i*z - 55, 5*z - 25 = -b - 0*z. What is the highest common factor of 15 and b?
15
Let z(p) = 15*p**2 + 3. Let r be z(2). Calculate the greatest common divisor of r and 9.
9
Suppose 0*j = 2*z + j - 125, -z - 2*j = -70. Suppose -k = -3*k + z. Calculate the greatest common divisor of k and 6.
6
Let f be ((-10)/3)/((-1)/3). Let z = -4 - -8. Calculate the highest common divisor of z and f.
2
Suppose 433 = 2*z + 37. Calculate the highest common divisor of z and 18.
18
Let w be 4/4 + 1*-1. Suppose -4*b + 8 = -w*b. Suppose -b*q - q + 54 = 0. Calculate the highest common factor of q and 27.
9
Let v be (0 - (-2 - -1))/(-1). Let x be -2*(2 - (-9)/v). What is the highest common divisor of x and 2?
2
Suppose -2*w = f + 90, f + 0*f = 5*w + 239. Let r = w + 71. Sup